{"id":1995,"date":"2025-03-23T03:19:17","date_gmt":"2025-03-23T02:19:17","guid":{"rendered":"https:\/\/lecoinducafetier.be\/?page_id=1995"},"modified":"2025-03-27T00:01:43","modified_gmt":"2025-03-26T23:01:43","slug":"boosters-displays-pokemon","status":"publish","type":"page","link":"https:\/\/lecoinducafetier.be\/?page_id=1995","title":{"rendered":"Nos Boosters &amp; Displays Pok\u00e9mon\u00a9"},"content":{"rendered":"<style>.kb-row-layout-wrap.wp-block-kadence-rowlayout.kb-row-layout-id1995_6ffabd-e5{margin-top:20px;margin-bottom:0px;}.kb-row-layout-id1995_6ffabd-e5 > .kt-row-column-wrap{align-content:start;}:where(.kb-row-layout-id1995_6ffabd-e5 > .kt-row-column-wrap) > .wp-block-kadence-column{justify-content:start;}.kb-row-layout-id1995_6ffabd-e5 > .kt-row-column-wrap{column-gap:var(--global-kb-gap-none, 0rem );row-gap:var(--global-kb-gap-none, 0rem );max-width:1140px;margin-left:auto;margin-right:auto;padding-top:99px;padding-right:0px;padding-bottom:20px;padding-left:0px;grid-template-columns:minmax(0, 1fr);}.kb-row-layout-id1995_6ffabd-e5 > .kt-row-layout-overlay{opacity:0.15;background-image:url('http:\/\/lecoinducafetier.be\/wp-content\/uploads\/sites\/50\/2021\/09\/pexels-\u7adf\u50b2-\u6c64-4447735.jpg');background-size:cover;background-position:center center;background-attachment:scroll;background-repeat:no-repeat;mix-blend-mode:luminosity;}@media all and (max-width: 1024px){.kb-row-layout-id1995_6ffabd-e5 > .kt-row-column-wrap{padding-top:120px;padding-right:0px;padding-bottom:10px;padding-left:0px;grid-template-columns:minmax(0, 1fr);}}@media all and (max-width: 767px){.kb-row-layout-id1995_6ffabd-e5 > .kt-row-column-wrap{padding-top:100px;padding-right:20px;padding-bottom:10px;padding-left:20px;grid-template-columns:minmax(0, 1fr);}}<\/style><div class=\"kb-row-layout-wrap kb-row-layout-id1995_6ffabd-e5 alignnone kt-row-has-bg wp-block-kadence-rowlayout\"><div class=\"kt-row-layout-overlay kt-row-overlay-normal\"><\/div><div class=\"kt-row-column-wrap kt-has-1-columns kt-row-layout-equal kt-tab-layout-inherit kt-mobile-layout-row kt-row-valign-top\">\n<style>.kadence-column1995_774a39-63 > .kt-inside-inner-col{padding-top:0px;padding-right:0px;padding-bottom:0px;padding-left:0px;}.kadence-column1995_774a39-63 > .kt-inside-inner-col,.kadence-column1995_774a39-63 > .kt-inside-inner-col:before{border-top-left-radius:0px;border-top-right-radius:0px;border-bottom-right-radius:0px;border-bottom-left-radius:0px;}.kadence-column1995_774a39-63 > .kt-inside-inner-col{column-gap:var(--global-kb-gap-sm, 1rem);}.kadence-column1995_774a39-63 > .kt-inside-inner-col{flex-direction:column;}.kadence-column1995_774a39-63 > .kt-inside-inner-col > .aligncenter{width:100%;}.kadence-column1995_774a39-63 > .kt-inside-inner-col:before{opacity:0.3;}.kadence-column1995_774a39-63{position:relative;}@media all and (max-width: 1024px){.kadence-column1995_774a39-63 > .kt-inside-inner-col{flex-direction:column;}}@media all and (max-width: 767px){.kadence-column1995_774a39-63 > .kt-inside-inner-col{flex-direction:column;}}<\/style>\n<div class=\"wp-block-kadence-column kadence-column1995_774a39-63 inner-column-1\"><div class=\"kt-inside-inner-col\"><style>.kb-row-layout-wrap.wp-block-kadence-rowlayout.kb-row-layout-id1995_cb0f87-65{margin-top:0px;margin-bottom:0px;}.kb-row-layout-id1995_cb0f87-65 > .kt-row-column-wrap{align-content:start;}:where(.kb-row-layout-id1995_cb0f87-65 > .kt-row-column-wrap) > .wp-block-kadence-column{justify-content:start;}.kb-row-layout-id1995_cb0f87-65 > .kt-row-column-wrap{column-gap:var(--global-kb-gap-none, 0rem );row-gap:var(--global-kb-gap-none, 0rem );max-width:800px;margin-left:auto;margin-right:auto;padding-top:0px;padding-right:0px;padding-bottom:0px;padding-left:0px;grid-template-columns:minmax(0, 1fr);}.kb-row-layout-id1995_cb0f87-65 > .kt-row-layout-overlay{opacity:0.30;}@media all and (max-width: 1024px){.kb-row-layout-id1995_cb0f87-65 > .kt-row-column-wrap{grid-template-columns:minmax(0, 1fr);}}@media all and (max-width: 767px){.kb-row-layout-id1995_cb0f87-65 > .kt-row-column-wrap{grid-template-columns:minmax(0, 1fr);}}<\/style><div class=\"kb-row-layout-wrap kb-row-layout-id1995_cb0f87-65 alignnone wp-block-kadence-rowlayout\"><div class=\"kt-row-column-wrap kt-has-1-columns kt-row-layout-equal kt-tab-layout-inherit kt-mobile-layout-row kt-row-valign-top\">\n<style>.kadence-column1995_e2c724-a6 > .kt-inside-inner-col{padding-top:10px;padding-right:10px;padding-bottom:10px;padding-left:10px;}.kadence-column1995_e2c724-a6 > .kt-inside-inner-col,.kadence-column1995_e2c724-a6 > .kt-inside-inner-col:before{border-top-left-radius:0px;border-top-right-radius:0px;border-bottom-right-radius:0px;border-bottom-left-radius:0px;}.kadence-column1995_e2c724-a6 > .kt-inside-inner-col{column-gap:var(--global-kb-gap-sm, 1rem);}.kadence-column1995_e2c724-a6 > .kt-inside-inner-col{flex-direction:column;}.kadence-column1995_e2c724-a6 > .kt-inside-inner-col > .aligncenter{width:100%;}.kadence-column1995_e2c724-a6 > .kt-inside-inner-col:before{opacity:0.3;}.kadence-column1995_e2c724-a6{position:relative;}@media all and (max-width: 1024px){.kadence-column1995_e2c724-a6 > .kt-inside-inner-col{flex-direction:column;}}@media all and (max-width: 767px){.kadence-column1995_e2c724-a6 > .kt-inside-inner-col{flex-direction:column;}}<\/style>\n<div class=\"wp-block-kadence-column kadence-column1995_e2c724-a6 inner-column-1\"><div class=\"kt-inside-inner-col\">\n<h1 class=\"wp-block-heading has-text-align-center has-xl-font-size\">Boosters &amp; Displays Pok\u00e9mon\u00a9\u200b<\/h1>\n\n\n<style>.wp-block-kadence-advancedheading.kt-adv-heading1995_408f0f-59, .wp-block-kadence-advancedheading.kt-adv-heading1995_408f0f-59[data-kb-block=\"kb-adv-heading1995_408f0f-59\"]{text-align:center;font-style:normal;}.wp-block-kadence-advancedheading.kt-adv-heading1995_408f0f-59 mark.kt-highlight, .wp-block-kadence-advancedheading.kt-adv-heading1995_408f0f-59[data-kb-block=\"kb-adv-heading1995_408f0f-59\"] mark.kt-highlight{font-style:normal;color:#f76a0c;-webkit-box-decoration-break:clone;box-decoration-break:clone;padding-top:0px;padding-right:0px;padding-bottom:0px;padding-left:0px;}<\/style>\n<p class=\"kt-adv-heading1995_408f0f-59 wp-block-kadence-advancedheading\" data-kb-block=\"kb-adv-heading1995_408f0f-59\">Avis \u00e0 tous les passionn\u00e9s de cartes <strong>Pok\u00e9mon\u00a9<\/strong> !<br>Le Coin du Cafetier \u00e9largit son offre pour vous proposer une exp\u00e9rience unique.<br>Restez connect\u00e9s pour ne manquer aucune de nos nouveaut\u00e9s et offres sp\u00e9ciales !<\/p>\n\n\n<style>.wp-block-kadence-advancedbtn.kb-btns1995_252d46-c4{gap:var(--global-kb-gap-xs, 0.5rem );justify-content:center;align-items:center;}.kt-btns1995_252d46-c4 .kt-button{font-weight:normal;font-style:normal;}<\/style>\n<div class=\"wp-block-kadence-advancedbtn kb-buttons-wrap kb-btns1995_252d46-c4\"><style>ul.menu .wp-block-kadence-advancedbtn .kb-btn1995_bb934d-99.kb-button{width:initial;}@media all and (max-width: 1024px){.kb-btn1995_bb934d-99.kb-button .kb-svg-icon-wrap{display:block;}}<\/style><a class=\"kb-button kt-button button kb-btn1995_bb934d-99 kt-btn-size-standard kt-btn-width-type-auto kb-btn-global-inherit kt-btn-has-text-true kt-btn-has-svg-false wp-block-button__link wp-block-kadence-singlebtn\" href=\"http:\/\/www.lecoinducafetier.be\/?page_id=659\"><span class=\"kt-btn-inner-text\">contact\u200b<\/span><\/a><\/div>\n<\/div><\/div>\n\n<\/div><\/div><\/div><\/div>\n\n<\/div><\/div>\n\n\n<h2 class=\"wp-block-heading has-text-align-center has-theme-palette-1-color has-text-color has-link-color wp-elements-fb6934cdb313f890c772c60d0d844bab\" style=\"margin-top:0;margin-bottom:0\">d\u00e9couvrez nos Boosters &amp; nos Displays&#8230;<\/h2>\n\n\n<ul style=\"padding-top:0;padding-bottom:0;margin-top:0;margin-bottom:0;\" class=\"wp-block-latest-posts__list is-grid columns-3 alignleft wp-block-latest-posts\"><li><div class=\"wp-block-latest-posts__featured-image\"><a href=\"https:\/\/lecoinducafetier.be\/?p=2250\" aria-label=\"Display Pok\u00e9mon\u00a9\u200b 001 (temporaire)\"><img loading=\"lazy\" decoding=\"async\" width=\"768\" height=\"1024\" src=\"https:\/\/lecoinducafetier.be\/wp-content\/uploads\/PK-001Bs.jpg\" class=\"attachment-large size-large wp-post-image\" alt=\"\" style=\"max-width:256px;max-height:256px;\" srcset=\"https:\/\/lecoinducafetier.be\/wp-content\/uploads\/PK-001Bs.jpg 768w, https:\/\/lecoinducafetier.be\/wp-content\/uploads\/PK-001Bs-225x300.jpg 225w\" sizes=\"auto, (max-width: 768px) 100vw, 768px\" \/><\/a><\/div><a class=\"wp-block-latest-posts__post-title\" href=\"https:\/\/lecoinducafetier.be\/?p=2250\">Display Pok\u00e9mon\u00a9\u200b 001 (temporaire)<\/a><div class=\"wp-block-latest-posts__post-excerpt\">D\u00e9tails Prix : xx,xx\u20ac Ref : PK-001D<\/div><\/li>\n<\/ul>\n\n\n<p><\/p>\n","protected":false},"excerpt":{"rendered":"<p>Boosters &amp; Displays Pok\u00e9mon\u00a9\u200b Avis \u00e0 tous les passionn\u00e9s de cartes Pok\u00e9mon\u00a9 !Le Coin du Cafetier \u00e9largit son offre pour vous proposer une exp\u00e9rience unique.Restez connect\u00e9s pour ne manquer aucune&#8230;<\/p>\n","protected":false},"author":2,"featured_media":870,"parent":0,"menu_order":0,"comment_status":"closed","ping_status":"closed","template":"","meta":{"_price":"","_stock":"","_tribe_ticket_header":"","_tribe_default_ticket_provider":"","_tribe_ticket_capacity":"0","_ticket_start_date":"","_ticket_end_date":"","_tribe_ticket_show_description":"","_tribe_ticket_show_not_going":false,"_tribe_ticket_use_global_stock":"","_tribe_ticket_global_stock_level":"","_global_stock_mode":"","_global_stock_cap":"","_tribe_rsvp_for_event":"","_tribe_ticket_going_count":"","_tribe_ticket_not_going_count":"","_tribe_tickets_list":"[]","_tribe_ticket_has_attendee_info_fields":false,"_EventAllDay":false,"_EventTimezone":"","_EventStartDate":"","_EventEndDate":"","_EventStartDateUTC":"","_EventEndDateUTC":"","_EventShowMap":false,"_EventShowMapLink":false,"_EventURL":"","_EventCost":"","_EventCostDescription":"","_EventCurrencySymbol":"","_EventCurrencyCode":"","_EventCurrencyPosition":"","_EventDateTimeSeparator":"","_EventTimeRangeSeparator":"","_EventOrganizerID":[],"_EventVenueID":[],"_OrganizerEmail":"","_OrganizerPhone":"","_OrganizerWebsite":"","_VenueAddress":"","_VenueCity":"","_VenueCountry":"","_VenueProvince":"","_VenueState":"","_VenueZip":"","_VenuePhone":"","_VenueURL":"","_VenueStateProvince":"","_VenueLat":"","_VenueLng":"","_VenueShowMap":false,"_VenueShowMapLink":false,"_kadence_starter_templates_imported_post":true,"_kad_post_transparent":"","_kad_post_title":"hide","_kad_post_layout":"default","_kad_post_sidebar_id":"","_kad_post_content_style":"boxed","_kad_post_vertical_padding":"hide","_kad_post_feature":"hide","_kad_post_feature_position":"","_kad_post_header":false,"_kad_post_footer":false,"footnotes":"","_tec_slr_enabled":"","_tec_slr_layout":""},"class_list":["post-1995","page","type-page","status-publish","has-post-thumbnail","hentry"],"ticketed":false,"_links":{"self":[{"href":"https:\/\/lecoinducafetier.be\/index.php?rest_route=\/wp\/v2\/pages\/1995","targetHints":{"allow":["GET"]}}],"collection":[{"href":"https:\/\/lecoinducafetier.be\/index.php?rest_route=\/wp\/v2\/pages"}],"about":[{"href":"https:\/\/lecoinducafetier.be\/index.php?rest_route=\/wp\/v2\/types\/page"}],"author":[{"embeddable":true,"href":"https:\/\/lecoinducafetier.be\/index.php?rest_route=\/wp\/v2\/users\/2"}],"replies":[{"embeddable":true,"href":"https:\/\/lecoinducafetier.be\/index.php?rest_route=%2Fwp%2Fv2%2Fcomments&post=1995"}],"version-history":[{"count":18,"href":"https:\/\/lecoinducafetier.be\/index.php?rest_route=\/wp\/v2\/pages\/1995\/revisions"}],"predecessor-version":[{"id":2258,"href":"https:\/\/lecoinducafetier.be\/index.php?rest_route=\/wp\/v2\/pages\/1995\/revisions\/2258"}],"wp:featuredmedia":[{"embeddable":true,"href":"https:\/\/lecoinducafetier.be\/index.php?rest_route=\/wp\/v2\/media\/870"}],"wp:attachment":[{"href":"https:\/\/lecoinducafetier.be\/index.php?rest_route=%2Fwp%2Fv2%2Fmedia&parent=1995"}],"curies":[{"name":"wp","href":"https:\/\/api.w.org\/{rel}","templated":true}]}}